e -2*o + 5*m = -154, -2*m + 0 = -o + 75. Calculate the remainder when o is divided by y.
32
Let b = 34 - 21. What is the remainder when b is divided by 11?
2
Calculate the remainder when 2/(-10) - 11520/(-100) is divided by 39.
37
Let t(f) = -f**3 - 9*f**2 - 8*f + 3. Let u(p) = -p**2 - 5*p + 6. Let c be u(-7). Suppose -15 - 10 = -5*a. What is the remainder when a is divided by t(c)?
2
Suppose y + 108 = 3*y + 4*p, -3*p = 0. What is the remainder when y is divided by 14?
12
Let a(r) = -r**3 - 4*r**2 + 5*r + 2. Let o be a(-5). Let j be o - (-2 - (3 - 1)). Let v = j - 4. Calculate the remainder when 5 is divided by v.
1
Let c(f) = -10*f - 25. What is the remainder when c(-17) is divided by 30?
25
Suppose -4*d + 97 = 13. Calculate the remainder when 41 is divided by d.
20
Suppose -2*j - 199 = -499. Calculate the remainder when j is divided by 17.
14
Suppose 3*l = -4*a + 244, l + 68 = a - 0*l. Suppose -k = k - a. Suppose 3*c - 24 = -3*z + 36, 5*c = 3*z - 36. Calculate the remainder when k is divided by z.
15
Suppose 0 = -2*b - r + 111, -5*b + 3*r + 264 = r. Calculate the remainder when b is divided by -35*(3 - (-51)/(-15)).
12
Let f = 74 + -61. Let p = 466 - 271. Suppose -5*a + p = -3*h, 155 = 5*a - 0*h + 5*h. What is the remainder when a is divided by f?
10
Suppose -u - 6 = -t - 0*t, 0 = -4*u + 20. Calculate the remainder when 64 is divided by t.
9
Let w(l) = -l + 4. What is the remainder when 21 is divided by w(-7)?
10
Let d = 0 - -3. Suppose 0 = -d*q - 0*q + 51. Calculate the remainder when 50 is divided by q.
16
Let d(c) = -5*c - 9. Calculate the remainder when 20 is divided by d(-4).
9
Suppose f - 3*x = -56, 5*f - 4*x + 3*x = -210. Let b = -23 - f. What is the remainder when b is divided by 10?
8
Let w(s) = 15*s**2 + s - 2. Let c be w(1). Suppose -5*q + 6 + c = 0. What is the remainder when 7 is divided by q?
3
Suppose 0 = 5*g + 10, -4*c - 2*g = -5*g + 6. Let a = 6 + c. Let r(z) = z + 1. What is the remainder when r(a) is divided by 2?
0
Let b be (-100)/12 + 2/(-3). Let y = b - -12. What is the remainder when 7 is divided by y?
1
Suppose -14 = -5*i + 6. Let j be (1/2)/1*0. Suppose 0 = -4*c - 0 - i, 2*p - c - 7 = j. Calculate the remainder when 9 is divided by p.
0
Calculate the remainder when 152 is divided by -4 + 0 + (-26)/(-1).
20
Let n = 11 - 12. Calculate the remainder when 41 is divided by n - (0 - -2) - -25.
19
Let t = 7 + 7. Calculate the remainder when 53 is divided by t.
11
Let c(n) = n**3 + 5*n**2 - 3*n - 3. What is the remainder when 80 is divided by c(-5)?
8
Let c be 1/((-3)/(-6)) + -8. Let d = c - -23. Calculate the remainder when 49 is divided by d.
15
Suppose 0 = 2*t + 21 - 91. Calculate the remainder when t is divided by 9.
8
Suppose 0 = -23*o + 24*o - 4. Calculate the remainder when 7 is divided by o.
3
Let h(r) = 31*r**2 + r. Let i be 2/6 - (-160)/15. Suppose -2*p = -j - i - 12, 48 = 4*p - 4*j. What is the remainder when h(1) is divided by p?
10
Let u(g) = -g**3 - 2*g + 1. Calculate the remainder when u(-3) is divided by 9.
7
Suppose 2*t = 2*p + 60, -3*t - 3*p - 30 = -4*t. Let w = -9 + -8. Let k = t - w. What is the remainder when k is divided by 16?
15
Suppose -3*c + 40 = c. Suppose 4*x - 2 = c. What is the remainder when 3 is divided by x?
0
Suppose -2*l - 22 = 4*c - 144, -3*l + 4*c = -153. What is the remainder when l is divided by 14?
13
Let t(h) = -h**2 - 14*h + 18. What is the remainder when 56 is divided by t(-13)?
25
Let j = 0 - -39. Calculate the remainder when j is divided by 8.
7
Let i be -3 - -4 - 2 - -6. Suppose i*u + 1 = 16. Suppose u*t - 35 = -11. Calculate the remainder when t is divided by 3.
2
Let n = 37 - -1. What is the remainder when n is divided by 14?
10
Suppose 0 = -0*g - g + 11. What is the remainder when 3330/108 + 2/12 is divided by g?
9
Suppose 2 - 4 = -x. Suppose -5*z = -4*z - x. Suppose 0 = -4*p - 3*v + 40, -5*p + 0*v = -z*v - 50. Calculate the remainder when 18 is divided by p.
8
Suppose -5*m = 90 - 360. Calculate the remainder when m is divided by 19.
16
Let m = 21 + 93. Calculate the remainder when m is divided by 29.
27
Suppose -2*p - p = h - 12, -5*p = 0. Let n(u) = u**2 - 2. Calculate the remainder when n(6) is divided by h.
10
Suppose 66 = 5*b - 3*b + 5*x, 0 = -4*x + 8. Calculate the remainder when 166 is divided by b.
26
Let y = -2 - -16. Calculate the remainder when (1 - 5)*(-17 - 0) is divided by y.
12
Suppose -1 + 28 = 9*i. Suppose 0 = 5*x - 4 - 1. What is the remainder when 10 is divided by 38/6 - x/i?
4
Let i = -14 + 49. Let b(d) = -d + 3. What is the remainder when i is divided by b(-6)?
8
Let q(p) = 3*p + 27. Suppose 0 = -y + 4*a + 11, 1 = 3*y + 4*a - 0. Calculate the remainder when q(-6) is divided by y.
0
Let i be 0 + 3 + 0 + -11. Let a = i + 16. Suppose 2*y - 42 = 4. Calculate the remainder when y is divided by a.
7
Suppose 3*h - 93 - 30 = 0. Calculate the remainder when h is divided by 14.
13
Let c be -1*-2*(-3)/(-2). Suppose 5*d + 20 = 0, -c*w + 28 = -w - 2*d. Calculate the remainder when 4/18 + 507/27 is divided by w.
9
Let k(j) = -6*j**3 - 1. Let c be (2/6)/(3/(-9)). Let a be k(c). Suppose a*s = -g + 66, s = 2*s - 4*g - 9. What is the remainder when 25 is divided by s?
12
Let x(g) = 2*g + 2. Suppose 2*f - 8 + 0 = 0. What is the remainder when x(2) is divided by f?
2
Let d(r) = -7*r - 32. Calculate the remainder when 25 is divided by d(-5).
1
Let w = -18 + 31. Calculate the remainder when 23 is divided by w.
10
Let m be (-6)/3 - -2 - -1. Calculate the remainder when 24 is divided by (-84)/(-7) - m/(-1).
11
Suppose 792 - 252 = 12*r. Calculate the remainder when r is divided by 25.
20
Let i(b) = b**3 + 2*b + 5. Calculate the remainder when i(0) is divided by 3.
2
Let m = 1 - -29. Calculate the remainder when m is divided by 11.
8
Suppose -3 = 11*t - 12*t. Suppose 0 = 5*f + 2*s + 38, 0*f - 3*s = -3*f - 6. Calculate the remainder when t is divided by (4/f)/(1/(-3)).
1
Let s = 73 + -62. What is the remainder when s is divided by 1/(-3*1/(-9))?
2
Let s(o) = -2*o**2 + 27*o. Let f = -2 + 32. Calculate the remainder when s(8) is divided by f.
28
Let q be 9/4 + (-1)/4. What is the remainder when ((-4)/(-3))/(q/6) is divided by 2?
0
Let b(r) = -r**3 + r**2 + r + 10. Let h(u) = u**3 - 2*u**2 - 5*u + 6. What is the remainder when h(4) is divided by b(0)?
8
Suppose 0 = 2*p - p - 4. What is the remainder when 3 is divided by (p - -1)*27/45?
0
Let q(z) = z + 6. Let h be q(0). Suppose 4*p - 2*g - 84 = 0, -2*p + h*g + 58 = g. What is the remainder when (-113)/(-3) - (-2)/(-3) is divided by p?
18
Let z = 105 - 72. What is the remainder when 130 is divided by z?
31
Let f = -3 - -6. Suppose 4 - 49 = -f*j. Calculate the remainder when j is divided by 6.
3
Let a be ((-1)/2)/((-2)/28). Let j = 14 - a. Calculate the remainder when 19 is divided by j.
5
Let i = 125 - 71. What is the remainder when i is divided by 29?
25
Let o(v) = v. Let a(g) = -8*g + 4. Let i(w) = -a(w) - 3*o(w). Suppose 0 = 2*n + 5*p + 5 - 2, 0 = -5*p - 15. What is the remainder when i(3) is divided by n?
5
Let c = -29 - -54. Suppose c = -3*z + 5*x + 115, 2*x - 6 = 0. What is the remainder when z is divided by 12?
11
Let w(f) = 4*f**3 + 9*f**2 - 9*f - 3. Let a(u) = -9*u**3 - 19*u**2 + 19*u + 6. Let i(l) = -3*a(l) - 7*w(l). What is the remainder when i(-7) is divided by 4?
2
Suppose -4*q + d + 497 = 0, 5*q - 4*d = 131 + 493. What is the remainder when q is divided by 25?
24
Suppose -h + 7 = -0*h. Suppose -3 = -5*o + 2. Suppose w + o = 5. Calculate the remainder when h is divided by w.
3
Suppose 18 = -u + 4*u. Let x(i) = -i**3 + 6*i**2 + 5*i + 7. Let d be x(u). Suppose 45 = 2*j - d. Calculate the remainder when j is divided by 14.
13
Suppose 3*n = 3*q - 15, 4*n + 11 + 9 = -4*q. Suppose q = -r + 3 + 7. What is the remainder when 17 is divided by r?
7
What is the remainder when (15/(-6) - 0)*490/(-25) is divided by 19?
11
Suppose 0 = 5*y - 3*u - 368, 2*u - 4 = u. Suppose 28 = -3*p + y. Suppose -w - 3*w + 36 = 0. What is the remainder when p is divided by w?
7
Let c be 2 + -3*8/12. Suppose -3*k - 3 - 12 = c, 3*x - 2*k - 208 = 0. Calculate the remainder when x is divided by 17.
15
Suppose 4 = -u - 3*s, -2*s = 3*u - 14 - 9. Calculate the remainder when (-1)/5 + (-432)/(-10) is divided by u.
10
Suppose -14 = -3*l - a + 35, 2*a = -2*l +